is 44 + 21?
105
In base 6, what is 0 - 5322?
-5322
In base 10, what is -6 + -118?
-124
In base 2, what is 1101100 - 10111?
1010101
In base 14, what is -29 + 3?
-26
In base 3, what is 2 - 21000?
-20221
In base 12, what is -62 + 3?
-5b
In base 8, what is -4 + -460?
-464
In base 7, what is -5 - 241?
-246
In base 10, what is 14660 + 1?
14661
In base 9, what is -44 - -1?
-43
In base 4, what is -2 + -233?
-301
In base 3, what is -1111 + -10?
-1121
In base 14, what is 6 - 127?
-121
In base 11, what is -1 + 40?
3a
In base 14, what is 9 - 3c0?
-3b5
In base 12, what is 1a1 + -5?
198
In base 12, what is -16 - -2?
-14
In base 9, what is -44 - 1?
-45
In base 3, what is 2020220 - -1?
2020221
In base 3, what is -110202 - -12?
-110120
In base 2, what is 10001 + -11000000?
-10101111
In base 8, what is 1447 - 4?
1443
In base 5, what is -413 + -34?
-1002
In base 9, what is 3 + 1164?
1167
In base 7, what is 245 - -4?
252
In base 4, what is 10121 + 3?
10130
In base 5, what is 1131 - 4?
1122
In base 6, what is 31204 + -1?
31203
In base 9, what is -32 + -8?
-41
In base 7, what is 306 - 50?
226
In base 6, what is -202241 - -1?
-202240
In base 7, what is -6 - 534?
-543
In base 13, what is 2618 + 4?
261c
In base 10, what is -2824 + 5?
-2819
In base 11, what is -5 - 3045?
-304a
In base 14, what is 28 + -4?
24
In base 5, what is 303 - -1213?
2021
In base 9, what is -4 + -302?
-306
In base 15, what is -2 - -28a?
288
In base 3, what is -1210112 - -11?
-1210101
In base 2, what is -11111000111 - 11?
-11111001010
In base 14, what is d79 - -3?
d7c
In base 11, what is 22 - 6?
17
In base 11, what is 782 + -3?
77a
In base 4, what is 21 + -21?
0
In base 4, what is 1101130 + 0?
1101130
In base 3, what is 12001 - 1021?
10210
In base 11, what is -1 + -131?
-132
In base 10, what is -3 + -296?
-299
In base 8, what is -5 + -14?
-21
In base 9, what is 2 + 34?
36
In base 16, what is -1 - 668?
-669
In base 12, what is -5 - 29?
-32
In base 13, what is c - -22?
31
In base 14, what is d4c8 - 1?
d4c7
In base 8, what is -7 - 1546?
-1555
In base 15, what is 0 + -27?
-27
In base 7, what is -3 - 5?
-11
In base 2, what is -1 - -1011100111?
1011100110
In base 5, what is 13 - 1213?
-1200
In base 4, what is 2 + 100102?
100110
In base 10, what is 27 - 95?
-68
In base 14, what is 569 - 5?
564
In base 5, what is 341 - 11?
330
In base 12, what is -3 - 16a?
-171
In base 4, what is -100 + 1?
-33
In base 9, what is -302 - -4?
-287
In base 6, what is 4 + 121?
125
In base 11, what is a3 - 1?
a2
In base 13, what is -9 + 9?
0
In base 6, what is 3 + 43?
50
In base 10, what is -1 - -95?
94
In base 11, what is 619 + -2?
617
In base 4, what is 1002 - 1102?
-100
In base 9, what is 6 - 16?
-10
In base 10, what is 29 - 17?
12
In base 6, what is 4 - -112?
120
In base 9, what is -2 - 1232?
-1234
In base 10, what is 137 + 5?
142
In base 7, what is -5 + -32?
-40
In base 15, what is 5 + 77?
7c
In base 16, what is -55 + -6?
-5b
In base 11, what is 28 - -25?
52
In base 4, what is 10 - -1010?
1020
In base 7, what is 2 + -262?
-260
In base 10, what is -42 + 233?
191
In base 9, what is -5 - -1060?
1054
In base 6, what is 214 + -10?
204
In base 10, what is 98 - 1?
97
In base 3, what is 10100220 - -10?
10101000
In base 15, what is a8c + -2?
a8a
In base 9, what is 1 - 8?
-7
In base 13, what is -47 - 8a?
-104
In base 9, what is -1 + -5?
-6
In base 13, what is 4 + -1b24?
-1b20
In base 10, what is -284 + -1?
-285
In base 14, what is 2ac + 2?
2b0
In base 12, what is 45 - 7b?
-36
In base 5, what is -120 - -1?
-114
In base 10, what is -56 + -12?
-68
In base 4, what is 223 - 30?
133
In base 14, what is 105 - -3?
108
In base 11, what is 0 - 149?
-149
In base 7, what is 20 - 20?
0
In base 3, what is -1112 + -200111?
-202000
In base 13, what is 10 - -5?
15
In base 8, what is -52 - -45?
-5
In base 11, what is -177 + -a0?
-267
In base 2, what is -1111010011 - -101?
-1111001110
In base 5, what is -1131420 + -1?
-1131421
In base 11, what is -2782 - -3?
-277a
In base 5, what is 10 + 21431?
21441
In base 4, what is 32 - -13?
111
In base 10, what is 24 + -79?
-55
In base 11, what is 1 - 26?
-25
In base 11, what is -3 - -225?
222
In base 5, what is 1 + -2331?
-2330
In base 7, what is 21245 - 4?
21241
In base 7, what is 4220 - 0?
4220
In base 7, what is -30 + 210?
150
In base 12, what is 2 + 1?
3
In base 16, what is a + -14f?
-145
In base 16, what is -8a5 + e?
-897
In base 4, what is 113 + 20?
133
In base 3, what is 1 - 1022?
-1021
In base 5, what is 12031 - 4?
12022
In base 9, what is 1427 + 5?
1433
In base 5, what is 0 - -21343?
21343
In base 9, what is -3 + -84?
-87
In base 11, what is 4 - 47?
-43
In base 2, what is -10011 + 10110?
11
In base 3, what is 2110 + 0?
2110
In base 10, what is 426 - 8?
418
In base 7, what is -5 + 104?
66
In base 15, what is -10 + -11?
-21
In base 9, what is -14 - 237?
-252
In base 16, what is -8 - -6?
-2
In base 9, what is -74 - 25?
-110
In base 2, what is -10101 - -110?
-1111
In base 10, what is 53 + -4?
49
In base 11, what is 2 - -103?
105
In base 2, what is 1101101 + 10?
1101111
In base 4, what is 11 + 1010?
1021
In base 8, what is -1200 - 3?
-1203
In base 7, what is 2015 + 4?
2022
In base 7, what is 33 - 42?
-6
In base 4, what is -2211100 - 3?
-2211103
In base 12, what is -1b + -5?
-24
In base 8, what is -753 + 5?
-746
In base 4, what is 0 + 3100?
3100
In base 3, what is 122 + 2222?
10121
In base 2, what is -11100100 - 101?
-11101001
In base 4, what is 102 + -1113?
-1011
In base 5, what is -10 - -2112?
2102
In base 12, what is 0 - -4b7?
4b7
In base 8, what is -176 - 0?
-176
In base 8, what is -343 - 0?
-343
In base 8, what is 2 - 1156?
-1154
In base 10, what is -108 - -5?
-103
In base 2, what is 0 - 1111101?
-1111101
In base 6, what is 11315 - 0?
11315
In base 12, what is 5 - -75?
7a
In base 11, what is 7 + -5?
2
In base 15, what is 0 - -47?
47
In base 5, what is -4 + 20?
11
In base 8, what is -307 + 2?
-305
In base 12, what is 8 + 23?
2b
In base 2, what is 101100 + 1?
101101
In base 11, what is -23 + 14?
-a
In base 16, what is 33 + 18?
4b
In base 16, what is -19 - 1?
-1a
In base 3, what is 2 + -102110?
-102101
In base 15, what is b - -12?
1d
In base 2, what is 11001 + -1001?
10000
In base 16, what is 117 - -2?
119
In base 15, what is -13 + 9?
-9
In base 7, what is 26311 - -4?
26315
In base 13, what is 8a - 2?
88
In base 8, what is -2 + -340?
-342
In base 15, what is 5 + -b31?
-b2b
In base 6, what is 3 - -1?
4
In base 8, what is -43 + -324?
-367
In base 7, what is 10 + 3?
13
In base 15, what is -10 - -73?
63
In base 2, what is 1001 + -1101001000?
-1100111111
In base 13, what is 7c7 - 0?
7c7
In base 13, what is 3a8 + -5?
3a3
In base 15, what is -31 - 10?
-41
In base 7, what is 2 + -32?
-30
In base 6, what is -5 + 31242?
31233
In base 12, what is -b - b?
-1a
In base 4, what is 1330 - 31?
1233
In base 3, what is -211 + -200?
-1111
In base 10, what is -3 - -947?
944
In base 3, what is -110 - 1222?
-2102
In base 13, what is 17 + -18?
-1
In base 8, what is -7647 + 5?
-7642
In base 9, what is 1 + -274?
-273
In base 16, what is 0 + 4e?
4e
In base 4, what is 21 - 0?
21
In base 13, what is -86 - 1?
-87
In base 13, what is 0 + 13?
13
In base 9, what is -378 + 4?
-374
In base 9, what is -1 - 1115?
-1116
In base 16, what is -5 - -274?
26f
In base 8, what is 5 - 0?
5
In base 9, what is -3660 + 1?
-3658
In base 10, what is -50 - 180?
-230
In base 12, what is 2 + 4a2?
4a4
In base 16, what is -5b - 5?
-60
In base 7, what is -62 - 42?
-134
In base 12, what is 6 + 0?
6
In base 13, what is -715 - 4?
-719
In base 8, what is -4123 + -2?
-4125
In base 8, what is -51 - 1?
-52
In base 12, what is -6 - -8?
2
In base 13, what is 24bb7 - 0?
24bb7
In base 7, what is -25202 - 0?
-25202
In base 7, what is 102 + -505?
-403
In base 4, what is 100 + 31111?
31211
In base 14, what is 3d2 + 1d?
411
In base 4, what is 10123 + 3?
10132
In base 12, what is -67 + -39?
-a4
In base 12, what is -150 + -1?
-151
In base 3, what is -2120 + -20?
-2210
In base 6, what is 101 + -13?
44
In base 11, what is 103a - 4?
1036
In base 13, what is 2a00 + 2?
2a02
In base 16, what is -c - 16d?
-179
In base 16, what is -27 - 4?
-2b
In base 16, what is -5 + 5a6?
5a1
In base 7, what is -4355 + -3?
-4361
In base 8, what is 3 - -6313?
6316
In base 5, what is -10 + 232?
222
I